{"id":68095,"date":"2023-11-22T15:05:29","date_gmt":"2023-11-22T15:05:29","guid":{"rendered":"https:\/\/mueble4you.com\/productos\/reposapies-midway\/"},"modified":"2023-11-23T16:02:57","modified_gmt":"2023-11-23T16:02:57","slug":"mittlere-fusstutze","status":"publish","type":"product","link":"https:\/\/mueble4you.com\/de\/productos\/mittlere-fusstutze\/","title":{"rendered":"MITTLERE FU\u00dfST\u00dcTZE."},"content":{"rendered":"<ul>\n<li>\n<h4 id=\"tw-target-text\" class=\"tw-data-text tw-text-large tw-ta\" dir=\"ltr\" data-placeholder=\"Traducci\u00f3n\" data-ved=\"2ahUKEwiU6vOHudqCAxU7VqQEHWEgCgsQ3ewLegQIDRAQ\"><span class=\"Y2IQFc\" lang=\"de\">\u00a0Midway-Fu\u00dfst\u00fctze, in Beige, im nordischen Stil. <\/span><\/h4>\n<\/li>\n<li>\n<h4 id=\"tw-target-text\" class=\"tw-data-text tw-text-large tw-ta\" dir=\"ltr\" data-placeholder=\"Traducci\u00f3n\" data-ved=\"2ahUKEwiU6vOHudqCAxU7VqQEHWEgCgsQ3ewLegQIDRAQ\"><span class=\"Y2IQFc\" lang=\"de\">Aus Mangoholz, kombiniert mit Leder und Schaumstoff.<\/span><\/h4>\n<\/li>\n<li>\n<h4 id=\"tw-target-text\" class=\"tw-data-text tw-text-large tw-ta\" dir=\"ltr\" data-placeholder=\"Traducci\u00f3n\" data-ved=\"2ahUKEwiU6vOHudqCAxU7VqQEHWEgCgsQ3ewLegQIDRAQ\"><span class=\"Y2IQFc\" lang=\"de\">Breite: 77 cm, Tiefe: 77 cm, H\u00f6he: 45 cm.<\/span><\/h4>\n<p><span style=\"color: #555555;\">cm.<\/span><\/li>\n<\/ul>\n","protected":false},"excerpt":{"rendered":"<p>\u00a0Midway-Fu\u00dfst\u00fctze, in Beige, im nordischen Stil. Aus Mangoholz, kombiniert mit Leder und Schaumstoff. Breite: 77 cm, Tiefe: 77 cm, H\u00f6he: 45 cm. cm.<\/p>\n","protected":false},"featured_media":68091,"template":"","meta":[],"product_brand":[],"product_cat":[268,485,269,283,365],"product_tag":[],"class_list":{"0":"post-68095","1":"product","2":"type-product","3":"status-publish","4":"has-post-thumbnail","6":"product_cat-esszimmer","7":"product_cat-schemel","8":"product_cat-schlafzimmer","9":"product_cat-schlafzimmermobel","10":"product_cat-sessel","12":"first","13":"instock","14":"shipping-taxable","15":"product-type-simple"},"yoast_head":"<!-- This site is optimized with the Yoast SEO plugin v27.3 - https:\/\/yoast.com\/product\/yoast-seo-wordpress\/ -->\n<title>MITTLERE FU\u00dfST\u00dcTZE. | mueble4you<\/title>\n<meta name=\"robots\" content=\"index, follow, max-snippet:-1, max-image-preview:large, max-video-preview:-1\" \/>\n<link rel=\"canonical\" href=\"https:\/\/mueble4you.com\/de\/productos\/mittlere-fusstutze\/\" \/>\n<meta property=\"og:locale\" content=\"de_DE\" \/>\n<meta property=\"og:type\" content=\"article\" \/>\n<meta property=\"og:title\" content=\"MITTLERE FU\u00dfST\u00dcTZE. | mueble4you\" \/>\n<meta property=\"og:description\" content=\"\u00a0Midway-Fu\u00dfst\u00fctze, in Beige, im nordischen Stil. Aus Mangoholz, kombiniert mit Leder und Schaumstoff. Breite: 77 cm, Tiefe: 77 cm, H\u00f6he: 45 cm. cm.\" \/>\n<meta property=\"og:url\" content=\"https:\/\/mueble4you.com\/de\/productos\/mittlere-fusstutze\/\" \/>\n<meta property=\"og:site_name\" content=\"mueble4you\" \/>\n<meta property=\"article:modified_time\" content=\"2023-11-23T16:02:57+00:00\" \/>\n<meta property=\"og:image\" content=\"https:\/\/mueble4you.com\/wp-content\/uploads\/2023\/11\/31168.jpg\" \/>\n\t<meta property=\"og:image:width\" content=\"1200\" \/>\n\t<meta property=\"og:image:height\" content=\"1200\" \/>\n\t<meta property=\"og:image:type\" content=\"image\/jpeg\" \/>\n<meta name=\"twitter:card\" content=\"summary_large_image\" \/>\n<script type=\"application\/ld+json\" class=\"yoast-schema-graph\">{\"@context\":\"https:\\\/\\\/schema.org\",\"@graph\":[{\"@type\":\"WebPage\",\"@id\":\"https:\\\/\\\/mueble4you.com\\\/de\\\/productos\\\/mittlere-fusstutze\\\/\",\"url\":\"https:\\\/\\\/mueble4you.com\\\/de\\\/productos\\\/mittlere-fusstutze\\\/\",\"name\":\"MITTLERE FU\u00dfST\u00dcTZE. | mueble4you\",\"isPartOf\":{\"@id\":\"https:\\\/\\\/mueble4you.com\\\/#website\"},\"primaryImageOfPage\":{\"@id\":\"https:\\\/\\\/mueble4you.com\\\/de\\\/productos\\\/mittlere-fusstutze\\\/#primaryimage\"},\"image\":{\"@id\":\"https:\\\/\\\/mueble4you.com\\\/de\\\/productos\\\/mittlere-fusstutze\\\/#primaryimage\"},\"thumbnailUrl\":\"https:\\\/\\\/mueble4you.com\\\/wp-content\\\/uploads\\\/2023\\\/11\\\/31168.jpg\",\"datePublished\":\"2023-11-22T15:05:29+00:00\",\"dateModified\":\"2023-11-23T16:02:57+00:00\",\"breadcrumb\":{\"@id\":\"https:\\\/\\\/mueble4you.com\\\/de\\\/productos\\\/mittlere-fusstutze\\\/#breadcrumb\"},\"inLanguage\":\"de\",\"potentialAction\":[{\"@type\":\"ReadAction\",\"target\":[\"https:\\\/\\\/mueble4you.com\\\/de\\\/productos\\\/mittlere-fusstutze\\\/\"]}]},{\"@type\":\"ImageObject\",\"inLanguage\":\"de\",\"@id\":\"https:\\\/\\\/mueble4you.com\\\/de\\\/productos\\\/mittlere-fusstutze\\\/#primaryimage\",\"url\":\"https:\\\/\\\/mueble4you.com\\\/wp-content\\\/uploads\\\/2023\\\/11\\\/31168.jpg\",\"contentUrl\":\"https:\\\/\\\/mueble4you.com\\\/wp-content\\\/uploads\\\/2023\\\/11\\\/31168.jpg\",\"width\":1200,\"height\":1200},{\"@type\":\"BreadcrumbList\",\"@id\":\"https:\\\/\\\/mueble4you.com\\\/de\\\/productos\\\/mittlere-fusstutze\\\/#breadcrumb\",\"itemListElement\":[{\"@type\":\"ListItem\",\"position\":1,\"name\":\"Portada\",\"item\":\"https:\\\/\\\/mueble4you.com\\\/de\\\/\"},{\"@type\":\"ListItem\",\"position\":2,\"name\":\"Productos\",\"item\":\"https:\\\/\\\/mueble4you.com\\\/productos\\\/\"},{\"@type\":\"ListItem\",\"position\":3,\"name\":\"MITTLERE FU\u00dfST\u00dcTZE.\"}]},{\"@type\":\"WebSite\",\"@id\":\"https:\\\/\\\/mueble4you.com\\\/#website\",\"url\":\"https:\\\/\\\/mueble4you.com\\\/\",\"name\":\"mueble4you\",\"description\":\"M\u00f6bel in Teneriffa\",\"potentialAction\":[{\"@type\":\"SearchAction\",\"target\":{\"@type\":\"EntryPoint\",\"urlTemplate\":\"https:\\\/\\\/mueble4you.com\\\/?s={search_term_string}\"},\"query-input\":{\"@type\":\"PropertyValueSpecification\",\"valueRequired\":true,\"valueName\":\"search_term_string\"}}],\"inLanguage\":\"de\"}]}<\/script>\n<!-- \/ Yoast SEO plugin. -->","yoast_head_json":{"title":"MITTLERE FU\u00dfST\u00dcTZE. | mueble4you","robots":{"index":"index","follow":"follow","max-snippet":"max-snippet:-1","max-image-preview":"max-image-preview:large","max-video-preview":"max-video-preview:-1"},"canonical":"https:\/\/mueble4you.com\/de\/productos\/mittlere-fusstutze\/","og_locale":"de_DE","og_type":"article","og_title":"MITTLERE FU\u00dfST\u00dcTZE. | mueble4you","og_description":"\u00a0Midway-Fu\u00dfst\u00fctze, in Beige, im nordischen Stil. Aus Mangoholz, kombiniert mit Leder und Schaumstoff. Breite: 77 cm, Tiefe: 77 cm, H\u00f6he: 45 cm. cm.","og_url":"https:\/\/mueble4you.com\/de\/productos\/mittlere-fusstutze\/","og_site_name":"mueble4you","article_modified_time":"2023-11-23T16:02:57+00:00","og_image":[{"width":1200,"height":1200,"url":"https:\/\/mueble4you.com\/wp-content\/uploads\/2023\/11\/31168.jpg","type":"image\/jpeg"}],"twitter_card":"summary_large_image","schema":{"@context":"https:\/\/schema.org","@graph":[{"@type":"WebPage","@id":"https:\/\/mueble4you.com\/de\/productos\/mittlere-fusstutze\/","url":"https:\/\/mueble4you.com\/de\/productos\/mittlere-fusstutze\/","name":"MITTLERE FU\u00dfST\u00dcTZE. | mueble4you","isPartOf":{"@id":"https:\/\/mueble4you.com\/#website"},"primaryImageOfPage":{"@id":"https:\/\/mueble4you.com\/de\/productos\/mittlere-fusstutze\/#primaryimage"},"image":{"@id":"https:\/\/mueble4you.com\/de\/productos\/mittlere-fusstutze\/#primaryimage"},"thumbnailUrl":"https:\/\/mueble4you.com\/wp-content\/uploads\/2023\/11\/31168.jpg","datePublished":"2023-11-22T15:05:29+00:00","dateModified":"2023-11-23T16:02:57+00:00","breadcrumb":{"@id":"https:\/\/mueble4you.com\/de\/productos\/mittlere-fusstutze\/#breadcrumb"},"inLanguage":"de","potentialAction":[{"@type":"ReadAction","target":["https:\/\/mueble4you.com\/de\/productos\/mittlere-fusstutze\/"]}]},{"@type":"ImageObject","inLanguage":"de","@id":"https:\/\/mueble4you.com\/de\/productos\/mittlere-fusstutze\/#primaryimage","url":"https:\/\/mueble4you.com\/wp-content\/uploads\/2023\/11\/31168.jpg","contentUrl":"https:\/\/mueble4you.com\/wp-content\/uploads\/2023\/11\/31168.jpg","width":1200,"height":1200},{"@type":"BreadcrumbList","@id":"https:\/\/mueble4you.com\/de\/productos\/mittlere-fusstutze\/#breadcrumb","itemListElement":[{"@type":"ListItem","position":1,"name":"Portada","item":"https:\/\/mueble4you.com\/de\/"},{"@type":"ListItem","position":2,"name":"Productos","item":"https:\/\/mueble4you.com\/productos\/"},{"@type":"ListItem","position":3,"name":"MITTLERE FU\u00dfST\u00dcTZE."}]},{"@type":"WebSite","@id":"https:\/\/mueble4you.com\/#website","url":"https:\/\/mueble4you.com\/","name":"mueble4you","description":"M\u00f6bel in Teneriffa","potentialAction":[{"@type":"SearchAction","target":{"@type":"EntryPoint","urlTemplate":"https:\/\/mueble4you.com\/?s={search_term_string}"},"query-input":{"@type":"PropertyValueSpecification","valueRequired":true,"valueName":"search_term_string"}}],"inLanguage":"de"}]}},"_links":{"self":[{"href":"https:\/\/mueble4you.com\/de\/wp-json\/wp\/v2\/product\/68095","targetHints":{"allow":["GET"]}}],"collection":[{"href":"https:\/\/mueble4you.com\/de\/wp-json\/wp\/v2\/product"}],"about":[{"href":"https:\/\/mueble4you.com\/de\/wp-json\/wp\/v2\/types\/product"}],"wp:featuredmedia":[{"embeddable":true,"href":"https:\/\/mueble4you.com\/de\/wp-json\/wp\/v2\/media\/68091"}],"wp:attachment":[{"href":"https:\/\/mueble4you.com\/de\/wp-json\/wp\/v2\/media?parent=68095"}],"wp:term":[{"taxonomy":"product_brand","embeddable":true,"href":"https:\/\/mueble4you.com\/de\/wp-json\/wp\/v2\/product_brand?post=68095"},{"taxonomy":"product_cat","embeddable":true,"href":"https:\/\/mueble4you.com\/de\/wp-json\/wp\/v2\/product_cat?post=68095"},{"taxonomy":"product_tag","embeddable":true,"href":"https:\/\/mueble4you.com\/de\/wp-json\/wp\/v2\/product_tag?post=68095"}],"curies":[{"name":"wp","href":"https:\/\/api.w.org\/{rel}","templated":true}]}}

MITTLERE FUßSTÜTZE.

<ul>
<li>
<h4 id="tw-target-text" class="tw-data-text tw-text-large tw-ta" dir="ltr" data-placeholder="Traducción" data-ved="2ahUKEwiU6vOHudqCAxU7VqQEHWEgCgsQ3ewLegQIDRAQ"><span class="Y2IQFc" lang="de"> Midway-Fußstütze, in Beige, im nordischen Stil. </span></h4>
</li>
<li>
<h4 id="tw-target-text" class="tw-data-text tw-text-large tw-ta" dir="ltr" data-placeholder="Traducción" data-ved="2ahUKEwiU6vOHudqCAxU7VqQEHWEgCgsQ3ewLegQIDRAQ"><span class="Y2IQFc" lang="de">Aus Mangoholz, kombiniert mit Leder und Schaumstoff.</span></h4>
</li>
<li>
<h4 id="tw-target-text" class="tw-data-text tw-text-large tw-ta" dir="ltr" data-placeholder="Traducción" data-ved="2ahUKEwiU6vOHudqCAxU7VqQEHWEgCgsQ3ewLegQIDRAQ"><span class="Y2IQFc" lang="de">Breite: 77 cm, Tiefe: 77 cm, Höhe: 45 cm.</span></h4>
<p><span style="color: #555555;">cm.</span></li>
</ul>

<p> Midway-Fußstütze, in Beige, im nordischen Stil. Aus Mangoholz, kombiniert mit Leder und Schaumstoff. Breite: 77 cm, Tiefe: 77 cm, Höhe: 45 cm. cm.</p>

<!-- This site is optimized with the Yoast SEO plugin v27.3 - https://yoast.com/product/yoast-seo-wordpress/ -->
<title>MITTLERE FUßSTÜTZE. | mueble4you</title>
<meta name="robots" content="index, follow, max-snippet:-1, max-image-preview:large, max-video-preview:-1" />
<link rel="canonical" href="https://mueble4you.com/de/productos/mittlere-fusstutze/" />
<meta property="og:locale" content="de_DE" />
<meta property="og:type" content="article" />
<meta property="og:title" content="MITTLERE FUßSTÜTZE. | mueble4you" />
<meta property="og:description" content=" Midway-Fußstütze, in Beige, im nordischen Stil. Aus Mangoholz, kombiniert mit Leder und Schaumstoff. Breite: 77 cm, Tiefe: 77 cm, Höhe: 45 cm. cm." />
<meta property="og:url" content="https://mueble4you.com/de/productos/mittlere-fusstutze/" />
<meta property="og:site_name" content="mueble4you" />
<meta property="article:modified_time" content="2023-11-23T16:02:57+00:00" />
<meta property="og:image" content="https://mueble4you.com/wp-content/uploads/2023/11/31168.jpg" />
	<meta property="og:image:width" content="1200" />
	<meta property="og:image:height" content="1200" />
	<meta property="og:image:type" content="image/jpeg" />
<meta name="twitter:card" content="summary_large_image" />
<script type="application/ld+json" class="yoast-schema-graph">{"@context":"https:\/\/schema.org","@graph":[{"@type":"WebPage","@id":"https:\/\/mueble4you.com\/de\/productos\/mittlere-fusstutze\/","url":"https:\/\/mueble4you.com\/de\/productos\/mittlere-fusstutze\/","name":"MITTLERE FUßSTÜTZE. | mueble4you","isPartOf":{"@id":"https:\/\/mueble4you.com\/#website"},"primaryImageOfPage":{"@id":"https:\/\/mueble4you.com\/de\/productos\/mittlere-fusstutze\/#primaryimage"},"image":{"@id":"https:\/\/mueble4you.com\/de\/productos\/mittlere-fusstutze\/#primaryimage"},"thumbnailUrl":"https:\/\/mueble4you.com\/wp-content\/uploads\/2023\/11\/31168.jpg","datePublished":"2023-11-22T15:05:29+00:00","dateModified":"2023-11-23T16:02:57+00:00","breadcrumb":{"@id":"https:\/\/mueble4you.com\/de\/productos\/mittlere-fusstutze\/#breadcrumb"},"inLanguage":"de","potentialAction":[{"@type":"ReadAction","target":["https:\/\/mueble4you.com\/de\/productos\/mittlere-fusstutze\/"]}]},{"@type":"ImageObject","inLanguage":"de","@id":"https:\/\/mueble4you.com\/de\/productos\/mittlere-fusstutze\/#primaryimage","url":"https:\/\/mueble4you.com\/wp-content\/uploads\/2023\/11\/31168.jpg","contentUrl":"https:\/\/mueble4you.com\/wp-content\/uploads\/2023\/11\/31168.jpg","width":1200,"height":1200},{"@type":"BreadcrumbList","@id":"https:\/\/mueble4you.com\/de\/productos\/mittlere-fusstutze\/#breadcrumb","itemListElement":[{"@type":"ListItem","position":1,"name":"Portada","item":"https:\/\/mueble4you.com\/de\/"},{"@type":"ListItem","position":2,"name":"Productos","item":"https:\/\/mueble4you.com\/productos\/"},{"@type":"ListItem","position":3,"name":"MITTLERE FUßSTÜTZE."}]},{"@type":"WebSite","@id":"https:\/\/mueble4you.com\/#website","url":"https:\/\/mueble4you.com\/","name":"mueble4you","description":"Möbel in Teneriffa","potentialAction":[{"@type":"SearchAction","target":{"@type":"EntryPoint","urlTemplate":"https:\/\/mueble4you.com\/?s={search_term_string}"},"query-input":{"@type":"PropertyValueSpecification","valueRequired":true,"valueName":"search_term_string"}}],"inLanguage":"de"}]}</script>
<!-- / Yoast SEO plugin. -->

MITTLERE FUßSTÜTZE. | mueble4you

Midway-Fußstütze, in Beige, im nordischen Stil. Aus Mangoholz, kombiniert mit Leder und Schaumstoff. Breite: 77 cm, Tiefe: 77 cm, Höhe: 45 cm. cm.

Möbel in Teneriffa
